{"id":8,"date":"2021-09-10T19:52:56","date_gmt":"2021-09-10T17:52:56","guid":{"rendered":"http:\/\/ararat-restaurant.de\/?page_id=8"},"modified":"2021-09-17T08:45:22","modified_gmt":"2021-09-17T06:45:22","slug":"ueber-uns","status":"publish","type":"page","link":"https:\/\/ararat-restaurant.de\/index.php\/ueber-uns\/","title":{"rendered":"\u00dcber uns"},"content":{"rendered":"\t\t<div data-elementor-type=\"wp-page\" data-elementor-id=\"8\" class=\"elementor elementor-8\">\n\t\t\t\t\t\t\t\t\t<section class=\"elementor-section elementor-top-section elementor-element elementor-element-5096cdf elementor-section-boxed elementor-section-height-default elementor-section-height-default\" data-id=\"5096cdf\" data-element_type=\"section\">\n\t\t\t\t\t\t<div class=\"elementor-container elementor-column-gap-default\">\n\t\t\t\t\t<div class=\"elementor-column elementor-col-100 elementor-top-column elementor-element elementor-element-4875d4d\" data-id=\"4875d4d\" data-element_type=\"column\">\n\t\t\t<div class=\"elementor-widget-wrap elementor-element-populated\">\n\t\t\t\t\t\t\t\t<div class=\"elementor-element elementor-element-ebaf072 elementor-widget elementor-widget-image\" data-id=\"ebaf072\" data-element_type=\"widget\" data-widget_type=\"image.default\">\n\t\t\t\t<div class=\"elementor-widget-container\">\n\t\t\t<style>\/*! elementor - v3.18.0 - 08-12-2023 *\/\n.elementor-widget-image{text-align:center}.elementor-widget-image a{display:inline-block}.elementor-widget-image a img[src$=\".svg\"]{width:48px}.elementor-widget-image img{vertical-align:middle;display:inline-block}<\/style>\t\t\t\t\t\t\t\t\t\t\t\t<img fetchpriority=\"high\" decoding=\"async\" width=\"960\" height=\"720\" src=\"https:\/\/ararat-restaurant.de\/wp-content\/uploads\/2021\/09\/Ararat-Eingang.jpg\" class=\"attachment-large size-large wp-image-131\" alt=\"\" srcset=\"https:\/\/ararat-restaurant.de\/wp-content\/uploads\/2021\/09\/Ararat-Eingang.jpg 960w, https:\/\/ararat-restaurant.de\/wp-content\/uploads\/2021\/09\/Ararat-Eingang-300x225.jpg 300w, https:\/\/ararat-restaurant.de\/wp-content\/uploads\/2021\/09\/Ararat-Eingang-768x576.jpg 768w, https:\/\/ararat-restaurant.de\/wp-content\/uploads\/2021\/09\/Ararat-Eingang-830x623.jpg 830w, https:\/\/ararat-restaurant.de\/wp-content\/uploads\/2021\/09\/Ararat-Eingang-230x173.jpg 230w, https:\/\/ararat-restaurant.de\/wp-content\/uploads\/2021\/09\/Ararat-Eingang-350x263.jpg 350w, https:\/\/ararat-restaurant.de\/wp-content\/uploads\/2021\/09\/Ararat-Eingang-480x360.jpg 480w\" sizes=\"(max-width: 960px) 100vw, 960px\" \/>\t\t\t\t\t\t\t\t\t\t\t\t\t\t\t<\/div>\n\t\t\t\t<\/div>\n\t\t\t\t\t<\/div>\n\t\t<\/div>\n\t\t\t\t\t\t\t<\/div>\n\t\t<\/section>\n\t\t\t\t<section class=\"elementor-section elementor-top-section elementor-element elementor-element-7df35a7f elementor-section-boxed elementor-section-height-default elementor-section-height-default\" data-id=\"7df35a7f\" data-element_type=\"section\">\n\t\t\t\t\t\t<div class=\"elementor-container elementor-column-gap-default\">\n\t\t\t\t\t<div class=\"elementor-column elementor-col-100 elementor-top-column elementor-element elementor-element-64f44d1e\" data-id=\"64f44d1e\" data-element_type=\"column\">\n\t\t\t<div class=\"elementor-widget-wrap elementor-element-populated\">\n\t\t\t\t\t\t\t\t<div class=\"elementor-element elementor-element-4de2bda1 elementor-widget elementor-widget-text-editor\" data-id=\"4de2bda1\" data-element_type=\"widget\" data-widget_type=\"text-editor.default\">\n\t\t\t\t<div class=\"elementor-widget-container\">\n\t\t\t<style>\/*! elementor - v3.18.0 - 08-12-2023 *\/\n.elementor-widget-text-editor.elementor-drop-cap-view-stacked .elementor-drop-cap{background-color:#69727d;color:#fff}.elementor-widget-text-editor.elementor-drop-cap-view-framed .elementor-drop-cap{color:#69727d;border:3px solid;background-color:transparent}.elementor-widget-text-editor:not(.elementor-drop-cap-view-default) .elementor-drop-cap{margin-top:8px}.elementor-widget-text-editor:not(.elementor-drop-cap-view-default) .elementor-drop-cap-letter{width:1em;height:1em}.elementor-widget-text-editor .elementor-drop-cap{float:left;text-align:center;line-height:1;font-size:50px}.elementor-widget-text-editor .elementor-drop-cap-letter{display:inline-block}<\/style>\t\t\t\t\n<!-- wp:paragraph -->\n<p>Als ich das Restaurant im Jahr 1990 er\u00f6ffnete, hatte ich eine klare Absicht:<\/p>\n<p>Ich wollte, dass sich unsere G\u00e4ste wohlf\u00fchlen!<br \/>Egal, ob alleine, zu zweit, mit Freunden oder mit der Familie.<\/p>\n<p>Um das zu erreichen gab es f\u00fcr mich zwei wesentliche Dinge:<br \/>Frisch zubereitete Mediterrane Gerichte und freundliches Servicepersonal, die Ihnen als G\u00e4ste<br \/>und Freunde unseres Hauses den Aufenthalt so angenehm wie m\u00f6glich gestalten sollen.<br \/>Denn Gastfreundlichkeit geh\u00f6rt zu den wichtigen Tugenden unserer Heimat, der T\u00fcrkei.<\/p>\n<p>Nach 30 Jahren blicke ich voller Freude auf zahlreiche zufriedene Stammkunden, <br \/>was mich jeden Tag best\u00e4rkt, genau da weiter zu machen.<\/p>\n<p>Ziya Karakoyunlu<\/p>\n<!-- \/wp:paragraph -->\t\t\t\t\t\t<\/div>\n\t\t\t\t<\/div>\n\t\t\t\t\t<\/div>\n\t\t<\/div>\n\t\t\t\t\t\t\t<\/div>\n\t\t<\/section>\n\t\t\t\t\t\t\t<\/div>\n\t\t","protected":false},"excerpt":{"rendered":"<p>Als ich das Restaurant im Jahr 1990 er\u00f6ffnete, hatte ich eine klare Absicht: Ich wollte, dass sich unsere G\u00e4ste wohlf\u00fchlen!Egal, ob alleine, zu zweit, mit Freunden oder mit der Familie. Um das zu erreichen gab es f\u00fcr mich zwei wesentliche Dinge:Frisch zubereitete Mediterrane Gerichte und freundliches Servicepersonal, die Ihnen als G\u00e4steund Freunde unseres Hauses den [&hellip;]<\/p>\n","protected":false},"author":1,"featured_media":0,"parent":0,"menu_order":0,"comment_status":"closed","ping_status":"closed","template":"","meta":{"_monsterinsights_skip_tracking":false,"_monsterinsights_sitenote_active":false,"_monsterinsights_sitenote_note":"","_monsterinsights_sitenote_category":0,"footnotes":""},"class_list":["post-8","page","type-page","status-publish","hentry"],"aioseo_notices":[],"_links":{"self":[{"href":"https:\/\/ararat-restaurant.de\/index.php\/wp-json\/wp\/v2\/pages\/8","targetHints":{"allow":["GET"]}}],"collection":[{"href":"https:\/\/ararat-restaurant.de\/index.php\/wp-json\/wp\/v2\/pages"}],"about":[{"href":"https:\/\/ararat-restaurant.de\/index.php\/wp-json\/wp\/v2\/types\/page"}],"author":[{"embeddable":true,"href":"https:\/\/ararat-restaurant.de\/index.php\/wp-json\/wp\/v2\/users\/1"}],"replies":[{"embeddable":true,"href":"https:\/\/ararat-restaurant.de\/index.php\/wp-json\/wp\/v2\/comments?post=8"}],"version-history":[{"count":10,"href":"https:\/\/ararat-restaurant.de\/index.php\/wp-json\/wp\/v2\/pages\/8\/revisions"}],"predecessor-version":[{"id":177,"href":"https:\/\/ararat-restaurant.de\/index.php\/wp-json\/wp\/v2\/pages\/8\/revisions\/177"}],"wp:attachment":[{"href":"https:\/\/ararat-restaurant.de\/index.php\/wp-json\/wp\/v2\/media?parent=8"}],"curies":[{"name":"wp","href":"https:\/\/api.w.org\/{rel}","templated":true}]}}